tors of o?
2, 3, 13
Let o(j) be the second derivative of -j**4/12 + 2*j**3/3 + j**2 + 5*j. Let w be o(4). Let d(g) = 10*g + 2. What are the prime factors of d(w)?
2, 11
List the prime factors of 14/35 + 12954/15.
2, 3
Let o = 851 - 396. What are the prime factors of o?
5, 7, 13
Suppose -7*p - z = -6*p - 4751, 4*p - 19025 = 3*z. What are the prime factors of p?
2, 2377
Suppose -202*o + 206*o - 4940 = 0. What are the prime factors of o?
5, 13, 19
Let c(b) be the second derivative of 2/3*b**3 + 0 - 3/2*b**2 - 5*b - 5/12*b**4 - 1/20*b**5. List the prime factors of c(-6).
3
Let u(a) = -2*a**3 + 6*a - 7. Let m(h) = h**3 - 5*h + 6. Suppose -5*c + 55 = 20. Let g(q) = c*m(q) + 6*u(q). What are the prime factors of g(-2)?
2, 19
Let h = -225 + 854. What are the prime factors of h?
17, 37
Let t = 6 + -9. Let o be 2 + t - 1*-19. Let n = 12 + o. List the prime factors of n.
2, 3, 5
Let l(c) = c**2 + 5*c + 9. Let y be l(-7). Suppose 4*s + 3*v = 137, 81 + y = 3*s + v. What are the prime factors of s?
5, 7
Let n = 8 - 7. Suppose j - n = -4*m, 0 = 3*j + m + m + 27. Let s(i) = i**2 + 9*i + 12. List the prime factors of s(j).
2, 17
Suppose 30*o + 9952 = 34*o + 4*j, 3*o = -4*j + 7461. What are the prime factors of o?
47, 53
Suppose 61*c - 102*c = -72078. What are the prime factors of c?
2, 3, 293
What are the prime factors of (-10)/(-2)*(6 - 12104/(-40))?
1543
Let d(t) = 115*t**2 - 2*t + 2. What are the prime factors of d(2)?
2, 229
Let t be (20/8)/5 - 50/(-4). Let d(w) = -w**2 + w + 1. Let f be d(-3). Let m = f + t. List the prime factors of m.
2
Let w(t) = -50*t - 23. What are the prime factors of w(-4)?
3, 59
Suppose 36*g - 5*g - 6975 = 0. What are the prime factors of g?
3, 5
Let a = 3008 - 149. What are the prime factors of a?
3, 953
Suppose -16 = -x - 4*w + 5*w, -4*w = 20. Let b be (x + -1)*247/26. Let z = b - 66. List the prime factors of z.
29
Let z = -706 - -1187. What are the prime factors of z?
13, 37
Let k(m) = m**2 - 15*m + 24. Let f be k(13). List the prime factors of f + (-24)/(-4) - -57.
61
Let z(g) = 2*g**2 + 26*g + 5. Let i = -1 - 15. What are the prime factors of z(i)?
101
Suppose -30 = -s - 25. Suppose -4*k = i + 3*i - 280, s*k - 382 = 3*i. What are the prime factors of k?
2, 37
Suppose -5*s + 3*w = -946, 949 = 5*s - 9*w + 7*w. List the prime factors of s.
191
Let x(w) = -14*w - 9. Let b be x(-6). Let t be (-94 + 0)*2/4. Let p = t + b. List the prime factors of p.
2, 7
Let v = -217 + 478. Suppose 3*f = 12*f - v. List the prime factors of f.
29
Let h be (-4 + (-13)/(-3))*729. Let z = 350 - h. List the prime factors of z.
107
Suppose 0 = -2*w + 4*w. Let q be (1/(-2))/((-6)/60). Suppose w*c + 165 = q*c. List the prime factors of c.
3, 11
Let v be 2/(-10) - (-9)/(-5). List the prime factors of v/(-8) + (-4950)/(-72).
3, 23
Let b be ((-36)/(-30))/((-2)/(-35)). Let y be (-7)/(b/(-90)) - -1. Let s = y - 6. What are the prime factors of s?
5
Let y(h) = -352*h - 143. What are the prime factors of y(-3)?
11, 83
Let b(m) = 12*m - 1 - 2 + 0*m - 9. What are the prime factors of b(8)?
2, 3, 7
Let q(p) = -12*p**3 + 12*p**2 + 28*p - 4. What are the prime factors of q(-5)?
2, 3, 23
Let c = -41 + 69. Let a = c - -15. What are the prime factors of a?
43
Suppose 4*o = 13*o. Suppose d + 3*x - 2 = -4, o = 3*d - 3*x - 54. List the prime factors of d.
13
Let l(s) = 2*s**2 - 9*s + 74. List the prime factors of l(8).
2, 5, 13
Suppose 0*h - 165 = 3*h. Let w = -39 - h. Suppose a - 16 = w. What are the prime factors of a?
2
Let u be 4*1 - (-3)/3. Suppose -43 = -5*i + 3*x, i - u = x + 2. List the prime factors of i + -3 - (-9)/3.
11
Suppose -i + f + 4633 = 0, -5*i + 5396 + 17770 = -4*f. List the prime factors of i.
2, 7, 331
Suppose 5*g + f + 8457 = 0, -f = -4*g - 6*f - 6753. List the prime factors of 2 - g/14 - 2/(-14).
3, 41
Let t(y) = y**3 - 13*y**2 + 4*y - 13. Suppose 8*d = 6*d + 26. List the prime factors of t(d).
3, 13
Let d(j) = -j + 10. Suppose -2*n = 2 - 10. Suppose 0 = -n*s - 10 - 46. What are the prime factors of d(s)?
2, 3
Let z be 1/(-3) - (-553)/21. Let u = 36 + z. List the prime factors of u.
2, 31
Let s = -2 + 6. Let x be (4/s)/(1/41). Suppose -5*i - 2*k = -107, 2*i - k - x = -0*i. What are the prime factors of i?
3, 7
Let l = -10 + 12. Suppose -l*t + 11 = 4*y - 5, -y - 6 = -2*t. Suppose 0 = -y*u + 3*u - 22. List the prime factors of u.
2, 11
Suppose -12*i + 9*i = -387. Let g = i + 32. List the prime factors of g.
7, 23
Let w(p) = p**2 + 11*p - 12. Suppose 30 = -n - 5*x, 2*n + 4*x - 2 = -44. List the prime factors of w(n).
2, 3
Let f(g) = g**2 - 6*g + 14. Let h be f(7). Let o = 40 - h. What are the prime factors of o?
19
Let x = 73 - 97. Let c = x - -80. List the prime factors of c.
2, 7
Let f(g) = -98*g + 2. Let s(r) = -295*r + 6. Let i(p) = -11*f(p) + 4*s(p). Let z be i(-1). Suppose 0*h = 2*h - z. What are the prime factors of h?
2, 13
Suppose -t - 796 = s - 5*s, -s = -t - 196. Let i = 300 - s. List the prime factors of i.
2, 5
Let k(x) = 210*x - 20. What are the prime factors of k(1)?
2, 5, 19
Let b = -3134 - -4398. What are the prime factors of b?
2, 79
Suppose 50*a - 4*k - 1533 = 49*a, 6237 = 4*a + 5*k. What are the prime factors of a?
1553
Let w = 9612 - 6215. List the prime factors of w.
43, 79
Suppose 7*m = 278 - 68. Let n = m + -72. Let t = n + 84. What are the prime factors of t?
2, 3, 7
Let q(l) = 3*l**3 + 36*l**2 + 62*l + 7. Let a(v) = v**3 + 12*v**2 + 21*v + 2. Let x(t) = -11*a(t) + 4*q(t). List the prime factors of x(-5).
2, 3
Let f(m) be the second derivative of -10*m**3/3 - 8*m**2 - 38*m. What are the prime factors of f(-7)?
2, 31
Let x(w) = 4*w + 10. Let v(l) = -l - 1. Let z(m) = v(m) + x(m). Let f be (-2)/(-5) + (-288)/(-30). List the prime factors of z(f).
3, 13
Suppose -2*w - 3*w + 18 = -2*m, -10 = -2*w - 2*m. Suppose -98 = -w*o + 86. List the prime factors of o.
2, 23
Let j(n) = n**2 + 9*n - 48. Let f be j(-13). Suppose f*k - 2*d = 132, 10*d + 113 = 3*k + 5*d. What are the prime factors of k?
31
Let j(d) = 19*d**3 - d**2 + d - 1. Let s be j(1). Suppose 0*b - 10 = 2*b. Let r = b + s. List the prime factors of r.
13
Let a(b) = -5*b**3 - 2*b**2 - 11*b + 16. Let f(o) = -9*o**3 - 5*o**2 - 22*o + 33. Let n(z) = -11*a(z) + 6*f(z). List the prime factors of n(9).
2
Let r(f) = f + 7. Let v be r(-5). Let l(p) = 2*p - 4*p**2 - 4*p**v - 2 - 3*p - p**3. List the prime factors of l(-8).
2, 3
Let t = 70 - -15. Let g = -3 + 3. Suppose -5*i + 120 = -g*i - 4*v, 3*i - t = 5*v. What are the prime factors of i?
2, 5
Let b = -32 - -32. Suppose 104 = 2*u - 3*w, -u + 2*w - 28 + 79 = b. List the prime factors of u.
5, 11
Let j = 1741 - 1074. List the prime factors of j.
23, 29
Let t = 272 + -372. Suppose 2 = -0*w - w. List the prime factors of (t/15)/(w/12).
2, 5
Suppose 5*n + 2*j - 2725 = 0, -2180 = -n - 3*n + 4*j. List the prime factors of n.
5, 109
Let d(z) = 53*z**2 - 3*z - 6. Let f be d(-2). What are the prime factors of (-2)/((-8)/f - 0)?
53
Suppose 2*a = 691 - 141. Suppose -4*l + 5*t = -a, 3*t = l - 27 - 47. Suppose -10*v + 5*v = -l. What are the prime factors of v?
13
Let z(c) be the third derivative of c**4/3 - c**3/3 + 2*c**2. Let n be z(4). Suppose -3*k = -o + 2*k + n, 6 = 2*k. What are the prime factors of o?
3, 5
Suppose -1239*f + 1241*f = 4946. What are the prime factors of f?
2473
Let l be ((-3)/(-2))/(7/(-14)). Let y be 1*(-7)/(-3)*l. Let i(k) = -k**2 - 17*k - 10. What are the prime factors of i(y)?
2, 3, 5
Let t(b) = -120*b + 133. What are the prime factors of t(-25)?
13, 241
Let a = -28 + 119. What are the prime factors of a?
7, 13
Let a be 36/(-24) + 42/4. Let o be ((-3)/a)/((-3)/27). Suppose 5*p = s - 47 - 5, -o*p = 2*s - 39. What are the prime factors of s?
3
Suppose 30*u = 35*u - 5890. What are the prime factors of u?
2, 19, 31
Let a be (-270)/(-36)*(-8)/(-2). Suppose -2 = 2*m - a. Let q = -9 + m. What are the prime factors of q?
5
Let s(y) = -40*y - 19. What are the prime factors of s(-18)?
701
Let z = -39 + 41. Suppose -349 = -2*c - 3*x, z*c + 6*x - 343 = x. List the prime factors of c.
179
Let s(t) = t**2 - 14*t - 3. Let c(x) = 4*x**2 - 56*x - 12. Let y(h) = -2*c(h) + 9*s(h). Let m be y(9). Let q = -21 - m. List the prime factors of q.
3
Suppose -z + 8197 = 2*p, -3*p + 7610 = 4*z - 4673. List the prime factors of p.
3, 1367
Let v(q)